118?
18
Calculate the highest common divisor of 612080 and 9080.
40
Calculate the greatest common factor of 686648 and 14936.
8
Calculate the highest common factor of 42017064 and 6936.
408
What is the greatest common factor of 360 and 1660790?
10
Calculate the greatest common factor of 3522 and 6743456.
1174
Calculate the greatest common divisor of 3850405 and 55315.
2405
What is the greatest common divisor of 15 and 3873954?
3
Calculate the greatest common divisor of 10895 and 188295.
5
Calculate the greatest common factor of 3577336 and 1524.
508
Calculate the greatest common factor of 4742194 and 186.
62
What is the greatest common divisor of 6887 and 449401?
97
What is the highest common divisor of 1180567223 and 2603?
2603
What is the greatest common factor of 296 and 247750816?
296
What is the greatest common factor of 1328 and 3012153?
83
Calculate the highest common divisor of 474 and 7000194.
6
Calculate the greatest common divisor of 3006510 and 6.
6
What is the highest common divisor of 11288 and 110970917?
1411
What is the highest common factor of 37345652 and 3836?
548
Calculate the highest common divisor of 570 and 58069605.
285
What is the greatest common divisor of 249520 and 14480?
80
Calculate the highest common factor of 48405 and 1149273.
1383
Calculate the highest common factor of 241704036 and 56.
28
Calculate the highest common divisor of 46512558 and 144.
18
What is the greatest common factor of 4531463 and 3?
1
Calculate the highest common divisor of 25039 and 1010831.
73
Calculate the highest common factor of 1732639 and 3425.
137
What is the greatest common divisor of 770606665 and 213?
71
Calculate the highest common divisor of 58888 and 8976.
136
What is the highest common factor of 100 and 23055425?
25
Calculate the greatest common divisor of 111325 and 129625.
1525
What is the highest common divisor of 997688 and 295136?
3208
What is the greatest common divisor of 170 and 36333845?
85
What is the greatest common divisor of 4 and 64295850?
2
Calculate the greatest common factor of 34401790 and 13055.
1865
Calculate the highest common divisor of 2960 and 450475.
185
Calculate the greatest common divisor of 97057416 and 120.
24
What is the greatest common factor of 18708 and 24918?
6
What is the highest common factor of 17054609 and 84227?
2717
Calculate the greatest common factor of 65129385 and 25.
5
What is the greatest common divisor of 85346672 and 16?
16
What is the highest common divisor of 164270158 and 2886?
962
What is the highest common factor of 15130205 and 46?
23
What is the highest common divisor of 12 and 483267?
3
What is the highest common divisor of 12544 and 63658?
14
Calculate the greatest common factor of 3451 and 1488541.
29
Calculate the greatest common factor of 4171194 and 1552.
194
What is the greatest common factor of 35208 and 486000?
216
What is the greatest common divisor of 72 and 9278244?
36
What is the highest common factor of 1219 and 1790527?
23
What is the greatest common divisor of 60563910 and 33?
33
Calculate the highest common divisor of 1344 and 57276156.
84
What is the greatest common factor of 46937 and 707318?
251
What is the highest common divisor of 1688 and 12752?
8
What is the highest common divisor of 7486 and 472406?
394
Calculate the greatest common factor of 167638 and 12169670.
2122
Calculate the highest common factor of 19200584 and 8464.
4232
Calculate the greatest common factor of 120686 and 146.
2
Calculate the greatest common divisor of 13608 and 254664.
1944
Calculate the greatest common divisor of 2761465 and 56.
7
What is the highest common divisor of 424 and 19209532?
212
What is the greatest common factor of 1337960 and 20?
20
What is the highest common divisor of 1331 and 106117?
121
What is the greatest common divisor of 9180 and 1912876380?
3060
Calculate the highest common factor of 778326604 and 4444.
4444
Calculate the greatest common divisor of 110358576 and 720.
144
What is the highest common divisor of 7200369 and 40469?
3113
Calculate the highest common factor of 17127 and 37834581.
519
Calculate the highest common divisor of 16 and 106142080.
16
What is the highest common divisor of 11865 and 1323232260?
11865
What is the highest common divisor of 1111095819 and 27?
27
Calculate the greatest common factor of 137342 and 74132.
86
What is the highest common divisor of 8325 and 779775?
2775
Calculate the highest common factor of 359 and 3973694533.
359
What is the highest common divisor of 1937250 and 55391?
287
Calculate the highest common factor of 1734449 and 4662.
37
What is the highest common factor of 5338 and 23249676?
34
Calculate the greatest common divisor of 217 and 576768.
1
What is the highest common factor of 86380 and 14315?
35
Calculate the greatest common divisor of 4538832 and 1776.
48
Calculate the greatest common divisor of 59223 and 5909.
19
Calculate the highest common divisor of 1438556 and 62748.
2324
Calculate the highest common factor of 1025647 and 112.
7
What is the highest common factor of 34 and 414956774?
34
What is the greatest common divisor of 1685771 and 14416?
901
What is the highest common divisor of 337192 and 11752?
904
Calculate the greatest common divisor of 209711528 and 24128.
3016
What is the greatest common factor of 36830783 and 38135?
7627
What is the greatest common divisor of 968 and 6128?
8
Calculate the greatest common factor of 16159 and 3157.
11
Calculate the greatest common factor of 112076808 and 24.
24
What is the highest common divisor of 85350 and 28150?
50
What is the greatest common divisor of 132943742 and 11184?
466
What is the highest common divisor of 269091092 and 2826?
314
What is the greatest common factor of 332910 and 568824?
822
What is the highest common factor of 74 and 12110359?
37
What is the greatest common factor of 174 and 12361859?
29
What is the highest common factor of 28 and 750264956?
28
Calculate the greatest common factor of 9222417 and 351.
27
What is the highest common factor of 133448 and 125384?
56
What is the greatest common divisor of 68305418 and 19?
19
What is the greatest common factor of 128620 and 51884?
436
Calculate the highest common factor of 42199872 and 768.
192
What is the greatest common factor of 1002800 and 333104?
1744
Calculate the greatest common divisor of 3217344 and 144768.
2496
Calculate the greatest common divisor of 28776 and 45889.
109
Calculate the highest common factor of 1080201352 and 61472.
15368
Calculate the highest common divisor of 17029590 and 240.
30
What is the greatest common divisor of 456866 and 1102?
58
Calculate the greatest common divisor of 6193818 and 92415.
183
What is the greatest common factor of 8410 and 579770?
10
What is the highest common factor of 1490 and 85170?
10
Calculate the highest common factor of 771094 and 101928.
62
What is the highest common divisor of 14375257 and 125476?
1651
What is the greatest common divisor of 2924 and 736236?
68
What is the greatest common factor of 423 and 2286140301?
423
Calculate the greatest common factor of 67679108 and 2380.
476
What is the greatest common factor of 5634 and 6350770?
626
What is the highest common divisor of 44505 and 792490?
215
Calculate the greatest common factor of 6650 and 4500250.
50
Calculate the greatest common divisor of 296090 and 87612010.
10210
Calculate the highest common divisor of 216 and 199512792.
72
What is the highest common factor of 44243004 and 1716?
156
Calculate the greatest common factor of 278358 and 5916.
102
Calculate the greatest common divisor of 3130 and 590900.
10
Calculate the greatest common divisor of 99409223 and 25528.
3191
Calculate the greatest common factor of 150 and 21084275.
25
Calculate the highest common divisor of 17100 and 287660.
380
Calculate the highest common divisor of 96957 and 5019.
21
What is the greatest common divisor of 494 and 12486914?
38
What is the highest common factor of 26418 and 355572?
714
Calculate the greatest common divisor of 869 and 547118.
11
Calculate the highest common divisor of 692848 and 1027.
13
What is the highest common factor of 144632788 and 19?
19
What is the greatest common divisor of 195403 and 481?
13
What is the greatest common factor of 15248 and 1194109?